01100
Convert 5 (base 15) to base 9.
5
What is a (base 11) in base 9?
11
What is -215 (base 6) in base 12?
-6b
What is 0 (base 5) in base 14?
0
Convert 1 (base 9) to base 16.
1
-42 (base 8) to base 9
-37
20 (base 9) to base 3
200
What is -5 (base 16) in base 9?
-5
13 (base 4) to base 16
7
What is -3 (base 6) in base 3?
-10
-16 (base 10) to base 11
-15
What is 5 (base 9) in base 6?
5
Convert 13 (base 6) to base 3.
100
-166 (base 13) to base 5
-2003
3 (base 11) to base 9
3
What is 10210 (base 3) in base 8?
146
1 (base 3) to base 11
1
What is 1a (base 13) in base 2?
10111
17 (base 9) to base 4
100
Convert -1010 (base 2) to base 11.
-a
What is -10 (base 12) in base 2?
-1100
8 (base 15) to base 11
8
27 (base 13) to base 14
25
Convert -2 (base 14) to base 7.
-2
61 (base 7) to base 6
111
Convert 108 (base 9) to base 13.
6b
Convert 38 (base 11) to base 2.
101001
What is 1 (base 6) in base 14?
1
Convert 1a (base 14) to base 13.
1b
Convert -37 (base 11) to base 12.
-34
Convert 23 (base 11) to base 4.
121
Convert -10 (base 7) to base 6.
-11
-2 (base 6) to base 2
-10
What is -155 (base 6) in base 4?
-1013
Convert 312 (base 4) to base 9.
60
What is 1415 (base 6) in base 13?
227
Convert -19 (base 11) to base 3.
-202
-17 (base 9) to base 4
-100
Convert -5 (base 6) to base 9.
-5
Convert 49 (base 13) to base 5.
221
What is 0 (base 8) in base 9?
0
Convert 22 (base 5) to base 2.
1100
Convert 200 (base 10) to base 4.
3020
Convert 4 (base 10) to base 6.
4
Convert a2 (base 13) to base 7.
246
Convert -10 (base 4) to base 5.
-4
-3 (base 10) to base 7
-3
Convert -65 (base 13) to base 8.
-123
1 (base 6) to base 9
1
What is -153 (base 10) in base 13?
-ba
-f (base 16) to base 14
-11
What is -2 (base 10) in base 11?
-2
0 (base 3) to base 5
0
21 (base 9) to base 15
14
-14 (base 8) to base 16
-c
Convert -100 (base 2) to base 7.
-4
1100 (base 4) to base 7
143
What is -94 (base 13) in base 3?
-11111
Convert 0 (base 12) to base 4.
0
What is 3 (base 9) in base 12?
3
Convert -1033 (base 5) to base 14.
-a3
Convert -6 (base 12) to base 5.
-11
What is -11 (base 3) in base 15?
-4
3 (base 7) to base 3
10
201 (base 7) to base 11
90
Convert -255 (base 6) to base 4.
-1223
What is 12 (base 12) in base 8?
16
What is 80 (base 13) in base 7?
206
4 (base 8) to base 9
4
3 (base 6) to base 3
10
What is -110 (base 3) in base 14?
-c
Convert -4 (base 12) to base 4.
-10
What is -11 (base 4) in base 10?
-5
Convert 5 (base 13) to base 10.
5
23 (base 12) to base 14
1d
What is 0 (base 16) in base 9?
0
What is -64 (base 15) in base 4?
-1132
5c (base 13) to base 16
4d
1124 (base 5) to base 3
20002
Convert 6 (base 14) to base 6.
10
What is 1 (base 6) in base 5?
1
100 (base 2) to base 4
10
Convert 1 (base 15) to base 7.
1
-1 (base 13) to base 16
-1
a (base 15) to base 12
a
173 (base 8) to base 4
1323
206 (base 10) to base 2
11001110
What is 8 (base 10) in base 5?
13
21 (base 14) to base 15
1e
What is 21 (base 4) in base 3?
100
-3 (base 13) to base 11
-3
-2 (base 14) to base 5
-2
7 (base 16) to base 11
7
-31 (base 4) to base 7
-16
-2 (base 9) to base 5
-2
What is -1 (base 8) in base 3?
-1
Convert 7 (base 9) to base 16.
7
Convert -1 (base 6) to base 4.
-1
-20210 (base 3) to base 9
-223
What is -1 (base 16) in base 13?
-1
What is -3 (base 7) in base 8?
-3
-ce (base 15) to base 16
-c2
a7 (base 16) to base 3
20012
2b (base 15) to base 13
32
3320 (base 4) to base 12
188
What is -204 (base 7) in base 3?
-10210
-12 (base 6) to base 12
-8
Convert -3 (base 11) to base 16.
-3
What is -12 (base 10) in base 12?
-10
Convert 4 (base 13) to base 11.
4
-100 (base 3) to base 10
-9
What is -5 (base 15) in base 16?
-5
What is -50 (base 12) in base 7?
-114
a7 (base 15) to base 3
12211
What is 2 (base 3) in base 5?
2
What is 5 (base 13) in base 14?
5
Convert 112 (base 6) to base 8.
54
What is -1133 (base 6) in base 3?
-101010
What is -a3 (base 13) in base 2?
-10000101
What is -2 (base 13) in base 3?
-2
-21 (base 4) to base 2
-1001
What is -5 (base 9) in base 13?
-5
Convert -14 (base 10) to base 4.
-32
-5e (base 15) to base 11
-81
What is 10 (base 5) in base 7?
5
Convert -3130 (base 4) to base 6.
-1004
What is -2 (base 6) in base 7?
-2
What is a7 (base 13) in base 8?
211
What is 23 (base 4) in base 8?
13
Convert a0 (base 12) to base 2.
1111000
Convert 1 (base 6) to base 4.
1
0 (base 10) to base 11
0
15 (base 16) to base 5
41
Convert -3 (base 15) to base 9.
-3
Convert 11 (base 3) to base 9.
4
What is -10 (base 6) in base 12?
-6
Convert 100111 (base 2) to base 14.
2b
-2 (base 12) to base 13
-2
Convert 13 (base 11) to base 10.
14
What is -71 (base 12) in base 16?
-55
Convert 1 (base 12) to base 2.
1
What is 20 (base 4) in base 10?
8
Convert -c (base 15) to base 4.
-30
Convert -141 (base 5) to base 4.
-232
What is -3 (base 13) in base 5?
-3
Convert -81 (base 16) to base 8.
-201
What is 1 (base 3) in base 13?
1
Convert 100011 (base 2) to base 5.
120
-111 (base 3) to base 7
-16
What is 16 (base 15) in base 11?
1a
What is -22 (base 7) in base 9?
-17
What is 10 (base 3) in base 6?
3
What is -3 (base 6) in base 3?
-10
0 (base 6) to base 14
0
Convert -11 (base 11) to base 5.
-22
-268 (base 11) to base 7
-631
Convert -161 (base 8) to base 5.
-423
Convert 3 (base 13) to base 12.
3
Convert 1 (base 15) to base 5.
1
Convert -14 (base 12) to base 13.
-13
-5 (base 11) to base 15
-5
What is -15 (base 9) in base 4?
-32
-10 (base 16) to base 11
-15
Convert -14 (base 12) to base 9.
-17
What is -3 (base 8) in base 3?
-10
Convert -110 (base 2) to base 14.
-6
What is -3 (base 12) in base 11?
-3
Convert 49 (base 13) to base 5.
221
-30 (base 4) to base 2
-1100
Convert -64 (base 11) to base 3.
-2121
What is 94 (base 14) in base 10?
130
What is -25 (base 7) in base 15?
-14
-6 (base 14) to base 10
-6
What is 11 (base 7) in base 10?
8
What is 6 (base 11) in base 9?
6
Convert -100 (base 2) to base 10.
-4
What is 77 (base 8) in base 9?
70
Convert -5 (base 15) to base 9.
-5
Convert -8b (base 12) to base 5.
-412
What is -59 (base 12) in base 13?
-54
Convert -7 (base 13) to base 5.
-12
Convert 5 (base 10) to base 11.
5
Convert 10100 (base 2) to base 10.
20
-68 (base 10) to base 13
-53
What is -b4 (base 14) in base 13?
-c2
What is -22221 (base 3) in base 2?
-11110001
What is 14 (base 7) in base 4?
23
0 (base 11) to base 3
0
Convert -270 (base 9) to base 7.
-441
What is 6 (base 13) in base 12?
6
What is 250 (base 8) in base 10?
168
What is -6 (base 14) in base 8?
-6
What is 7 (base 12) in base 10?
7
-100000 (base 3) to base 10
-243
-200 (base 4) to base 16
-20
Convert 225 (base 8) to base 3.
12112
What is 47 (base 16) in base 2?
1000111
What is -4 (base 14) in base 11?
-4
What is 4 (base 14) in base 15?
4
What is -5 (base 10) in base 7?
-5
Convert -227 (base 10) to base 16.
-e3
What is 4 (base 11) in base 8?
4
Convert 28 (base 15) to base 4.
212
Convert 0 (base 11) to base 12.
0
What is 1111 (base 2) in base 4?
33
4b (base 14) to base 9
74
Convert -5 (base 15) to base 12.
-5
What is 25 (base 16) in base 7?
52
-221 (base 3) to base 2
-11001
What is 4 (base 8) in base 4?
10
What is 5 (base 14) in base 16?
5
-4 (base 5) to base 6
-4
25 (base 7) to base 6
31
-27 (base 15) to base 8
-45
-131 (base 5) to base 10
-41
-3 (base 4) to base 8
-3
5 (base 12) to base 10
5
What is 4 (base 12) in base 7?
4
Convert -31 (base 10) to base 6.
-51
What is -10 (base 2) in base 9?
-2
1 (base 16) to base 6
1
-7 (base 8) to base 16
-7
What is 4 (base 10) in base 15?
4
Convert -11 (base 5) to base 3.
-20
What is -21 (base 6) in base 13?
-10
-21 (base 6) to base 8
-15
-4 (base 6) to base 16
-4
What is -3 (base 12) in base 2?
-11
-8 (base 10) to base 8
-10
What is 4 (base 10) in base 16?
4
Convert 3 (base 5) to base 13.
3
What is 51 (base 12) in base 11?
56
-4 (base 10) to base 5
-4
Convert -1 (base 15) to base 12.
-1
Convert -77 (base 16) to base 2.
-1110111
What is -13 (base 14) in base 9?
-18
21 (base 3) to base 7
10
58 (base 9) to base 10
53
-b (base 16) to base 3
-102
Convert 26 (base 7) to base 6.
32
What is 3 (base 10) in base 14?
3
-101110 (base 3) to base 7
-552
What is -115 (base 9) in base 13?
-74
-1110 (base 3) to base 4
-213
Convert 20 (base 6) to base 13.
c
89 (base 16) to base 2
10001001
13 (base 9) to base 15
c
Convert -b4 (base 12) to base 14.
-9a
Convert -4 (base 5) t